{"id":1106,"date":"2025-03-21T09:53:19","date_gmt":"2025-03-21T08:53:19","guid":{"rendered":"https:\/\/www.motoclubjmp-racing.com\/?page_id=1106"},"modified":"2025-04-13T11:14:33","modified_gmt":"2025-04-13T09:14:33","slug":"le-moto-club","status":"publish","type":"page","link":"https:\/\/www.motoclubjmp-racing.com\/index.php\/le-moto-club\/","title":{"rendered":"Le Moto Club"},"content":{"rendered":"\t\t<div data-elementor-type=\"wp-page\" data-elementor-id=\"1106\" class=\"elementor elementor-1106\">\n\t\t\t\t<div class=\"elementor-element elementor-element-f954aa6 e-flex e-con-boxed e-con e-parent\" data-id=\"f954aa6\" data-element_type=\"container\">\n\t\t\t\t\t<div class=\"e-con-inner\">\n\t\t\t\t<div class=\"elementor-element elementor-element-e50e31c elementor-widget elementor-widget-heading\" data-id=\"e50e31c\" data-element_type=\"widget\" data-widget_type=\"heading.default\">\n\t\t\t\t<div class=\"elementor-widget-container\">\n\t\t\t\t\t<h2 class=\"elementor-heading-title elementor-size-default\">Le Moto Club JMP Racing<\/h2>\t\t\t\t<\/div>\n\t\t\t\t<\/div>\n\t\t\t\t\t<\/div>\n\t\t\t\t<\/div>\n\t\t<div class=\"elementor-element elementor-element-ead4428 e-flex e-con-boxed e-con e-parent\" data-id=\"ead4428\" data-element_type=\"container\">\n\t\t\t\t\t<div class=\"e-con-inner\">\n\t\t\t\t<div class=\"elementor-element elementor-element-71e795f elementor-widget elementor-widget-text-editor\" data-id=\"71e795f\" data-element_type=\"widget\" data-widget_type=\"text-editor.default\">\n\t\t\t\t<div class=\"elementor-widget-container\">\n\t\t\t\t\t\t\t\t\t<p>Le Moto Club JMP Racing est une association sportive bas\u00e9e en Corse-du-Sud.<\/p><p>Cr\u00e9\u00e9e en 2007, elle est active dans l&rsquo;organisation de comp\u00e9titions de sports m\u00e9caniques, notamment des courses de c\u00f4te et des rallyes routiers moto .\u200b<\/p><p class=\"\" data-start=\"40\" data-end=\"121\"><span class=\"relative -mx-px my-[-0.2rem] rounded px-px py-[0.2rem] transition-colors duration-100 ease-in-out\">Le Moto Club joue un r\u00f4le majeur dans le Championnat de France des Rallyes Routiers, notamment en organisant le Rallye de Corse.<\/span><\/p><p class=\"\" data-start=\"40\" data-end=\"121\"><span class=\"relative -mx-px my-[-0.2rem] rounded px-px py-[0.2rem] transition-colors duration-100 ease-in-out\">Le club est reconnu pour son implication dans le Championnat de Corse de la Montagne, o\u00f9 il organise r\u00e9guli\u00e8rement des \u00e9preuves \u00e0 Pila Canale et Bocognano<\/span> .\u200b<\/p><h3 class=\"\" data-start=\"123\" data-end=\"150\">\ud83c\udfc1 Rallye de Corse 2025<\/h3><p class=\"\" data-start=\"152\" data-end=\"387\"><span class=\"relative -mx-px my-[-0.2rem] rounded px-px py-[0.2rem] transition-colors duration-100 ease-in-out\">Le club est responsable de l&rsquo;organisation du Rallye de Corse, une \u00e9preuve officielle du championnat.<\/span> <span class=\"relative -mx-px my-[-0.2rem] rounded px-px py-[0.2rem] transition-colors duration-100 ease-in-out\">L&rsquo;\u00e9dition 2025 est pr\u00e9vue du 5 au 7 septembre \u00e0 Propriano<\/span> . <span class=\"relative -mx-px my-[-0.2rem] rounded px-px py-[0.2rem] transition-colors duration-100 ease-in-out\">Ce rallye est inscrit au calendrier officiel de la F\u00e9d\u00e9ration Fran\u00e7aise de Motocyclisme (FFM)<\/span> .\u200b<span class=\"\" data-state=\"closed\"><span class=\"ms-1 inline-flex max-w-full items-center relative top-[-0.094rem] animate-[show_150ms_ease-in]\"><a class=\"flex h-6 overflow-hidden rounded-xl px-2.5 text-[0.5625em] font-medium text-token-text-secondary! bg-[#F4F4F4]! dark:bg-[#303030]! transition-colors duration-150 ease-in-out\" href=\"https:\/\/www.rallyes-routiers.com\/calendrier\/?utm_source=chatgpt.com\" target=\"_blank\" rel=\"noopener\"><span class=\"relative start-0 bottom-0 flex h-full w-full items-center\"><span class=\"flex h-4 w-full items-center justify-between overflow-hidden\"><span class=\"max-w-full grow truncate overflow-hidden text-center\">Rallyes Routiers<\/span><\/span><\/span><\/a><\/span><\/span><\/p><h3 class=\"\" data-start=\"389\" data-end=\"421\">\ud83d\udee3\ufe0f Historique et engagement<\/h3><p class=\"\" data-start=\"423\" data-end=\"668\"><span class=\"relative -mx-px my-[-0.2rem] rounded px-px py-[0.2rem] transition-colors duration-100 ease-in-out\">Le Moto Club JMP Racing est actif dans le championnat depuis plusieurs ann\u00e9es.<\/span> <span class=\"relative -mx-px my-[-0.2rem] rounded px-px py-[0.2rem] transition-colors duration-100 ease-in-out\">Par exemple, en 2017, il a organis\u00e9 la 11\u1d49 \u00e9dition du Rallye de Corse \u00e0 Porticcio, proposant des sp\u00e9ciales techniques et un parcours exigeant pour les pilotes<\/span> . <span class=\"relative -mx-px my-[-0.2rem] rounded px-px py-[0.2rem] transition-colors duration-100 ease-in-out\">En 2013, le club a innov\u00e9 en introduisant une nouvelle sp\u00e9ciale de 4,8 km \u00e0 Pietrosella, en plus de celle du Pont de la Pierre, offrant ainsi un total de 10 passages chronom\u00e9tr\u00e9s sur plus de 400 km de parcours<\/span> .\u200b<span class=\"ms-1 inline-flex max-w-full items-center relative top-[-0.094rem] animate-[show_150ms_ease-in]\"><a class=\"flex h-6 overflow-hidden rounded-xl px-2.5 text-[0.5625em] font-medium text-token-text-secondary! bg-[#F4F4F4]! dark:bg-[#303030]! transition-colors duration-150 ease-in-out\" href=\"https:\/\/www.rallyes-routiers.com\/rallye-de-corse-du-rififi-en-vue\/?utm_source=chatgpt.com\" target=\"_blank\" rel=\"noopener\"><span class=\"relative start-0 bottom-0 flex h-full w-full items-center\"><span class=\"flex h-4 w-full items-center justify-between overflow-hidden\"><span class=\"max-w-full grow truncate overflow-hidden text-center\">Rallyes Routiers<\/span><\/span><\/span><\/a><\/span><span class=\"\" data-state=\"closed\"><span class=\"ms-1 inline-flex max-w-full items-center relative top-[-0.094rem] animate-[show_150ms_ease-in]\"><a class=\"flex h-6 overflow-hidden rounded-xl px-2.5 text-[0.5625em] font-medium text-token-text-secondary! bg-[#F4F4F4]! dark:bg-[#303030]! transition-colors duration-150 ease-in-out\" href=\"https:\/\/www.motomag.com\/La-Corse-3e-epreuve-du-championnat-de-France-des-Rallyes-moto-video.html?utm_source=chatgpt.com\" target=\"_blank\" rel=\"noopener\"><span class=\"relative start-0 bottom-0 flex h-full w-full items-center\"><span class=\"flex h-4 w-full items-center justify-between overflow-hidden\"><span class=\"max-w-full grow truncate overflow-hidden text-center\">Motomag, le site de Moto Magazine<\/span><\/span><\/span><\/a><\/span><\/span><\/p><h3 class=\"\" data-start=\"670\" data-end=\"699\">\ud83d\udd27 Informations pratiques<\/h3><p class=\"\" data-start=\"701\" data-end=\"827\"><span class=\"relative -mx-px my-[-0.2rem] rounded px-px py-[0.2rem] transition-colors duration-100 ease-in-out\">Pour les pilotes et les passionn\u00e9s souhaitant participer ou assister au Rallye de Corse 2025, le site officiel du Moto Club JMP Racing fournit des informations d\u00e9taill\u00e9es, notamment sur les inscriptions, le r\u00e8glement et la liste des engag\u00e9s<\/span> .\u200b<span class=\"ms-1 inline-flex max-w-full items-center relative top-[-0.094rem] animate-[show_150ms_ease-in]\"><a class=\"flex h-6 overflow-hidden rounded-xl px-2.5 text-[0.5625em] font-medium text-token-text-secondary! bg-[#F4F4F4]! dark:bg-[#303030]! transition-colors duration-150 ease-in-out\" href=\"https:\/\/www.motoclubjmp-racing.com\/?utm_source=chatgpt.com\" target=\"_blank\" rel=\"noopener\"><span class=\"relative start-0 bottom-0 flex h-full w-full items-center\"><span class=\"flex h-4 w-full items-center justify-between overflow-hidden\"><span class=\"max-w-full grow truncate overflow-hidden text-center\">motoclubjmp-racing.com<\/span><\/span><\/span><\/a><\/span><\/p><p class=\"\" data-start=\"829\" data-end=\"914\"><span class=\"relative -mx-px my-[-0.2rem] rounded px-px py-[0.2rem] transition-colors duration-100 ease-in-out\">Le Moto Club JMP Racing est un acteur cl\u00e9 du rallye routier en France, contribuant activement \u00e0 la promotion de cette discipline en Corse.<\/span><\/p>\t\t\t\t\t\t\t\t<\/div>\n\t\t\t\t<\/div>\n\t\t\t\t\t<\/div>\n\t\t\t\t<\/div>\n\t\t\t\t<\/div>\n\t\t","protected":false},"excerpt":{"rendered":"<p>Le Moto Club JMP Racing Le Moto Club JMP Racing est une association sportive bas\u00e9e en Corse-du-Sud. Cr\u00e9\u00e9e en 2007, elle est active dans l&rsquo;organisation de comp\u00e9titions de sports m\u00e9caniques, notamment des courses de c\u00f4te et des rallyes routiers moto .\u200b Le Moto Club joue un r\u00f4le majeur dans le Championnat de France des Rallyes [&hellip;]<\/p>\n","protected":false},"author":1,"featured_media":0,"parent":0,"menu_order":0,"comment_status":"closed","ping_status":"closed","template":"","meta":{"ocean_post_layout":"","ocean_both_sidebars_style":"","ocean_both_sidebars_content_width":0,"ocean_both_sidebars_sidebars_width":0,"ocean_sidebar":"","ocean_second_sidebar":"","ocean_disable_margins":"enable","ocean_add_body_class":"","ocean_shortcode_before_top_bar":"","ocean_shortcode_after_top_bar":"","ocean_shortcode_before_header":"","ocean_shortcode_after_header":"","ocean_has_shortcode":"","ocean_shortcode_after_title":"","ocean_shortcode_before_footer_widgets":"","ocean_shortcode_after_footer_widgets":"","ocean_shortcode_before_footer_bottom":"","ocean_shortcode_after_footer_bottom":"","ocean_display_top_bar":"default","ocean_display_header":"default","ocean_header_style":"","ocean_center_header_left_menu":"","ocean_custom_header_template":"","ocean_custom_logo":0,"ocean_custom_retina_logo":0,"ocean_custom_logo_max_width":0,"ocean_custom_logo_tablet_max_width":0,"ocean_custom_logo_mobile_max_width":0,"ocean_custom_logo_max_height":0,"ocean_custom_logo_tablet_max_height":0,"ocean_custom_logo_mobile_max_height":0,"ocean_header_custom_menu":"","ocean_menu_typo_font_family":"","ocean_menu_typo_font_subset":"","ocean_menu_typo_font_size":0,"ocean_menu_typo_font_size_tablet":0,"ocean_menu_typo_font_size_mobile":0,"ocean_menu_typo_font_size_unit":"px","ocean_menu_typo_font_weight":"","ocean_menu_typo_font_weight_tablet":"","ocean_menu_typo_font_weight_mobile":"","ocean_menu_typo_transform":"","ocean_menu_typo_transform_tablet":"","ocean_menu_typo_transform_mobile":"","ocean_menu_typo_line_height":0,"ocean_menu_typo_line_height_tablet":0,"ocean_menu_typo_line_height_mobile":0,"ocean_menu_typo_line_height_unit":"","ocean_menu_typo_spacing":0,"ocean_menu_typo_spacing_tablet":0,"ocean_menu_typo_spacing_mobile":0,"ocean_menu_typo_spacing_unit":"","ocean_menu_link_color":"","ocean_menu_link_color_hover":"","ocean_menu_link_color_active":"","ocean_menu_link_background":"","ocean_menu_link_hover_background":"","ocean_menu_link_active_background":"","ocean_menu_social_links_bg":"","ocean_menu_social_hover_links_bg":"","ocean_menu_social_links_color":"","ocean_menu_social_hover_links_color":"","ocean_disable_title":"default","ocean_disable_heading":"default","ocean_post_title":"","ocean_post_subheading":"","ocean_post_title_style":"","ocean_post_title_background_color":"","ocean_post_title_background":0,"ocean_post_title_bg_image_position":"","ocean_post_title_bg_image_attachment":"","ocean_post_title_bg_image_repeat":"","ocean_post_title_bg_image_size":"","ocean_post_title_height":0,"ocean_post_title_bg_overlay":0.5,"ocean_post_title_bg_overlay_color":"","ocean_disable_breadcrumbs":"default","ocean_breadcrumbs_color":"","ocean_breadcrumbs_separator_color":"","ocean_breadcrumbs_links_color":"","ocean_breadcrumbs_links_hover_color":"","ocean_display_footer_widgets":"default","ocean_display_footer_bottom":"default","ocean_custom_footer_template":"","footnotes":""},"class_list":["post-1106","page","type-page","status-publish","hentry","entry"],"_links":{"self":[{"href":"https:\/\/www.motoclubjmp-racing.com\/index.php\/wp-json\/wp\/v2\/pages\/1106","targetHints":{"allow":["GET"]}}],"collection":[{"href":"https:\/\/www.motoclubjmp-racing.com\/index.php\/wp-json\/wp\/v2\/pages"}],"about":[{"href":"https:\/\/www.motoclubjmp-racing.com\/index.php\/wp-json\/wp\/v2\/types\/page"}],"author":[{"embeddable":true,"href":"https:\/\/www.motoclubjmp-racing.com\/index.php\/wp-json\/wp\/v2\/users\/1"}],"replies":[{"embeddable":true,"href":"https:\/\/www.motoclubjmp-racing.com\/index.php\/wp-json\/wp\/v2\/comments?post=1106"}],"version-history":[{"count":10,"href":"https:\/\/www.motoclubjmp-racing.com\/index.php\/wp-json\/wp\/v2\/pages\/1106\/revisions"}],"predecessor-version":[{"id":1207,"href":"https:\/\/www.motoclubjmp-racing.com\/index.php\/wp-json\/wp\/v2\/pages\/1106\/revisions\/1207"}],"wp:attachment":[{"href":"https:\/\/www.motoclubjmp-racing.com\/index.php\/wp-json\/wp\/v2\/media?parent=1106"}],"curies":[{"name":"wp","href":"https:\/\/api.w.org\/{rel}","templated":true}]}}